 greatest common divisor of d and 611?
47
Suppose -2*r = -0*r - 4*u - 68, -3*u + 84 = 3*r. Let t be 1444/6 + ((-8)/(-3))/(-4). Calculate the highest common factor of r and t.
30
Let k = -36 + 79. Let z be 0/(4 + -1) - k. Let l be (z - -1)*12/(-14). Calculate the highest common factor of 90 and l.
18
Let i = 1024 - 1000. Calculate the greatest common factor of i and 36.
12
Suppose -2*b + 4 = 0, 0 = -5*z - 4*b + 13 + 5. Suppose -z*y = -11 - 27. Suppose -y = -5*o + 41. What is the greatest common divisor of o and 96?
12
Let b be (-94)/(-8) - (-4)/16. Let o be 1*74/3 + 30/90. Let x = -21 + o. Calculate the greatest common divisor of b and x.
4
Let u(o) = -3*o**2 - 8*o - 9. Let b be u(-1). Let h(f) = 5*f + 36. Let m be h(b). Calculate the greatest common divisor of m and 80.
16
Let x = -413 - -420. What is the highest common factor of x and 91?
7
Let l(z) = z**3 - z - 1. Let c(d) = 6*d**3 - 3*d**2. Let f(q) = c(q) - 5*l(q). Let n be f(5). Calculate the greatest common divisor of 20 and n.
20
Let n be 9/((-84)/(-70)*5/148). Calculate the highest common divisor of 2 and n.
2
Let c(n) = -n**3 + 6*n**2 - 4*n. Let l = 5 - 0. Let z be c(l). Suppose 961 = 3*h + 2*y, 2*h + 1605 = 7*h + z*y. What is the greatest common factor of 29 and h?
29
Suppose 0 = -2*c - 2*c + 56. Suppose 34 = 4*o - c. Suppose -3*s + 4*w = -152, -5*s + 47 + 197 = -2*w. What is the greatest common divisor of o and s?
12
Let x(r) = -18*r + 17 - r**2 - 14 - 12 - 2*r**2. Let f be x(-5). Calculate the highest common factor of f and 18.
6
Let r = 11 + -9. Let j = 28 - -6. Calculate the highest common divisor of r and j.
2
Let n be 15/20*2*6. Suppose 0 = 3*m - n, 5*w = -4*m + 156 - 24. Calculate the highest common divisor of w and 8.
8
Let f be 24/(-3)*(-2 - 0). Suppose 0 = 7*h - 3*h + f. Let t be 11/(-22) - 18/h. What is the greatest common divisor of 20 and t?
4
Let s be (-6)/14 - 4488/308. Suppose -5*o + 5*c = -125, o - 17 - 8 = -c. Let u = o + s. Calculate the highest common factor of u and 10.
10
Let f(n) = n**2 + 12*n - 21. Let b be f(-12). Let l = 24 + b. Calculate the greatest common divisor of l and 2.
1
Suppose 0 = -3*g + 3*p + 12, 7*g - 28 = 4*g - 5*p. What is the highest common factor of g and 9?
3
Let x(d) = -2*d**3 + 17*d**2 - 11*d - 38. Let q be x(7). What is the highest common divisor of 16 and q?
16
Suppose -s - s + 2*j = -62, -2*j + 118 = 4*s. Suppose 15*n - 10*n = s. Calculate the highest common factor of n and 12.
6
Let m = -66 - -69. Suppose 54 = 2*k - 0*k - 2*c, 4*k - 108 = -5*c. Calculate the highest common divisor of k and m.
3
Suppose 5*i = -4*n + 11 + 53, 101 = 5*n + i. Let k = 16 - 2. What is the highest common factor of n and k?
7
Suppose 3*x - 504 = 10*x. Let q be 108/x - 62/8*-2. Calculate the greatest common factor of q and 70.
14
Let n = 13 + -3. Let p(o) = o + 11. Let l = -29 + 20. Let z be p(l). What is the highest common factor of z and n?
2
Let l be 290/(-5) + (3 - 1). Let g be -1 - 3/((-1)/(l/(-12))). What is the greatest common factor of g and 143?
13
Let v = 262 + -234. What is the greatest common divisor of 238 and v?
14
Let s(b) = b**3 - 27*b**2 + 41*b + 2. Let n be s(26). Calculate the greatest common factor of 8 and n.
8
Let c be 0 + 20 - 120/24. Calculate the greatest common divisor of 65 and c.
5
Let d = -737 - -742. Let u be ((1 - 4) + 2)/1. Let x be u*((-24)/1 - 1). What is the greatest common divisor of x and d?
5
Let y = -10 - -4. Let k be (-10)/(-8) - y/8. Suppose -3*w + 9 = -k*w. What is the greatest common factor of 36 and w?
9
Let q be 4/(-18) - (-1071)/81. Let j = 336 - 193. Calculate the highest common factor of q and j.
13
Let k(j) = j**3 - 3*j**2 + j + 185. Let r be k(0). Suppose -6*b + 151 = -r. Calculate the greatest common factor of b and 8.
8
Suppose -36*c + 280 = -32*c. What is the greatest common divisor of c and 385?
35
Suppose -158 = -w + 5*r - 47, -4*w = -4*r - 444. Calculate the greatest common factor of w and 74.
37
Suppose 23*s - 18*s = -5*l + 300, -4*s + 2*l + 240 = 0. Calculate the highest common divisor of 50 and s.
10
Suppose -v + 61 + 197 = 0. Let s = -183 + v. What is the greatest common factor of 50 and s?
25
Let x(s) = 6*s - 160. Let d be x(45). Calculate the greatest common factor of d and 275.
55
Let k = -5 + 2. Let y be (-84)/(4/(-1)) + k. Suppose -5*a + 3*a = -y. What is the highest common factor of 6 and a?
3
Let b = 47 - 67. Let z = 12 - b. Suppose 12 = 4*c - z. Calculate the greatest common factor of 77 and c.
11
Suppose 3*r + 52 = 5*r. Calculate the greatest common factor of r and 143.
13
Let j = -22 - -24. Suppose -3*y + 8 = j. Calculate the highest common factor of 5 and y.
1
Suppose -t + 96 = 3*t. Let f be (t/(-9))/((-1)/18). Let g(i) = 3*i + 1. Let x be g(5). What is the highest common factor of f and x?
16
Let v = 110 - 5. What is the greatest common divisor of 45 and v?
15
Let q(k) = 151*k + 7. Let j be q(-1). Let m = -32 - j. What is the greatest common factor of m and 16?
16
Let y be (-1)/(-6) + (-3)/18. Suppose c + 0*c - 11 = y. Let f = -205 + 293. What is the greatest common factor of f and c?
11
Suppose 2*u - 6*u + 12 = 0. Suppose -3*i - 9 = -u. Let m be 12*-7*1/i. What is the greatest common factor of m and 6?
6
Let d(w) = w**3 + 10*w**2 + w - 8. Let z be d(-4). What is the highest common factor of 28 and z?
28
Let y be 25730/248 - (-1)/4. Suppose 3*b = -3*n + 15 + 15, -4*n + 5*b + 67 = 0. What is the highest common divisor of y and n?
13
Suppose 5*k - 100 = -5*x, -4*k - 73 = -4*x - k. Suppose -5*t - 229 = -a, -321 = -3*a + t + 310. What is the greatest common factor of a and x?
19
Let q = 2497 - 1507. Calculate the highest common factor of 225 and q.
45
Let j(i) = 3*i**2 - 6. Let v be 4*(-2 - (-3)/(-2)*-2). Let o be j(v). Let t = -49 + 70. Calculate the greatest common factor of o and t.
21
Let q = 150 - -304. Let r = q - 270. What is the highest common divisor of 23 and r?
23
Suppose -71 - 113 = -4*f. Calculate the greatest common factor of 2 and f.
2
Let g = 27 - -158. Suppose -111 = 7*l - 10*l. Calculate the greatest common factor of g and l.
37
Let p(o) = 3*o**3 - o**2 + 13*o - 23. Let j be p(3). Calculate the highest common factor of 66 and j.
22
Let f = -23 + 29. Let l be ((-9)/f - -3)/(4/8). Calculate the highest common divisor of l and 33.
3
Suppose -5*q + 42 = 17. Suppose q*z + 2 = 27. Let o be (-15)/(-5) + 5/((-5)/(-52)). Calculate the highest common divisor of z and o.
5
Suppose -4*d + 58*h + 516 = 59*h, 2*h = -d + 136. Calculate the highest common divisor of 40 and d.
8
Let k = -116 + 201. Let f be 25*1*(-8)/5. Let a = f - -57. What is the highest common factor of k and a?
17
Let s(q) = q**2 - 2*q + 9. Let n be (-9 - -8)/((-2)/8). Let j be s(n). Calculate the highest common divisor of j and 17.
17
Suppose -274 = -5*h + 4*d + 231, d - 110 = -h. Let v = 1 - -1. Suppose v*w - 2*b - 36 = 0, 4*w - b = b + 66. What is the greatest common factor of h and w?
15
Let a = 48 + -84. Let u be (a/(-27))/((-4)/(-54)). Calculate the highest common divisor of u and 162.
18
Let z = -1791 + 1851. Let y(r) = r**2 - 5*r - 4. Let t be y(-3). Calculate the greatest common factor of z and t.
20
Let n = 28 - 18. Let j be (-8)/((44/8 + -5)*-2). Suppose -j - n = -q. What is the greatest common factor of 144 and q?
18
Let c = 381 + -296. Calculate the highest common divisor of 170 and c.
85
Let x(l) = 4*l**2 + 2. Let k be x(-2). Suppose -5*p = -78 - 67. Let t = p + -23. Calculate the greatest common factor of k and t.
6
Suppose -u = 3*u - g - 179, -4*u = -2*g - 178. Let t = 71 - -26. Let a = -67 + t. What is the greatest common factor of a and u?
15
Let s be (-44)/(-6) - 2/(-3). Suppose 5*p - 5*g = 385, -5*p + 2*g + 111 = -259. Calculate the greatest common divisor of s and p.
8
Let i be (151 + 1)*(-4)/(-8). Suppose 8*g = 52 + i. What is the highest common factor of g and 40?
8
Let f = -1 - 0. Let h be 3 + 2/(f/(-1)). What is the highest common factor of h and 45?
5
Suppose -10*r + 149 = -51. Calculate the greatest common factor of r and 1360.
20
Suppose -3*n = -346 + 31. What is the highest common divisor of n and 15?
15
Let f(c) = 2*c**2 - 8*c - 4. Let k be 161/28 - 1/(-4). Let p be f(k). Let z = -140 + 300. What is the highest common factor of p and z?
20
Let y be 0/(6 - 2) + 2. Let p = 65 + -51. What i